?
False
Is 353322227 a prime number?
True
Is 5129761051 composite?
False
Is 785525903 a composite number?
False
Is 1194952735 prime?
False
Is 128156023 a prime number?
False
Is 1518502709 prime?
True
Is 8609178983 a prime number?
False
Is 93043957 composite?
False
Is 64900306043 a composite number?
True
Is 6328412005 a prime number?
False
Is 28983227071 prime?
True
Is 1297610513 a prime number?
False
Is 6518158643 a composite number?
False
Is 6050657033 composite?
False
Is 3982500551 a prime number?
True
Is 733876027 prime?
False
Is 6719402017 a prime number?
True
Is 1043097901 prime?
True
Is 4066019411 a composite number?
True
Is 16418657 a prime number?
True
Is 3163982939 a composite number?
True
Is 271984033 a prime number?
False
Is 12959288669 a prime number?
True
Is 845701 a prime number?
False
Is 23853563689 a prime number?
True
Is 1986613597 composite?
False
Is 3253426237 composite?
False
Is 31821399667 prime?
False
Is 1785565091 prime?
False
Is 14356278511 composite?
False
Is 290583731 prime?
False
Is 20797512133 prime?
True
Is 957124673 a prime number?
False
Is 116486683 composite?
False
Is 231249731 prime?
True
Is 63764076517 composite?
True
Is 349024237 composite?
True
Is 14616147899 composite?
False
Is 5857718681 prime?
True
Is 27822579367 a prime number?
False
Is 2165091347 prime?
False
Is 4138764467 a prime number?
True
Is 1042348051 a prime number?
True
Is 472153837 composite?
False
Is 1875280061 prime?
False
Is 11215014913 a prime number?
False
Is 281724277733 composite?
False
Is 38903260531 a prime number?
False
Is 148699783 prime?
True
Is 434244177109 composite?
False
Is 775798241 a prime number?
True
Is 747936317 prime?
True
Is 110659313 a prime number?
False
Is 242703451 prime?
False
Is 402490421 composite?
False
Is 2424033497 a prime number?
True
Is 4217844919 composite?
False
Is 23089305203 composite?
False
Is 3325665557 a prime number?
True
Is 20051083621 a prime number?
True
Is 78439840747 a prime number?
True
Is 182989799 composite?
False
Is 48176621 a prime number?
True
Is 1643999743 a composite number?
False
Is 16287984043 a composite number?
False
Is 91590263 a composite number?
True
Is 867209909 prime?
False
Is 307324021 composite?
True
Is 13228300373 composite?
True
Is 222572269 prime?
False
Is 1543224049 a prime number?
True
Is 55261001 prime?
False
Is 3207658331 a composite number?
False
Is 2472304969 a composite number?
False
Is 1534698331 a composite number?
False
Is 36394946207 prime?
False
Is 57120260551 prime?
False
Is 1322330957 a prime number?
True
Is 84109494353 a prime number?
True
Is 125338199737 prime?
False
Is 21098023273 a composite number?
True
Is 1335408857 a prime number?
True
Is 1146241619 a composite number?
False
Is 280898517427 prime?
False
Is 3792494291 composite?
True
Is 321049529 prime?
False
Is 2108854591 a prime number?
False
Is 4889731703 composite?
True
Is 426835639 prime?
True
Is 3960737065 a composite number?
True
Is 2069196193 prime?
True
Is 19057150079 prime?
False
Is 1440280601 composite?
False
Is 545249027 a prime number?
True
Is 2014246043 prime?
True
Is 540393679 a composite number?
True
Is 2707410271 a composite number?
True
Is 39178165379 a prime number?
False
Is 1221258811 a composite number?
False
Is 9177019667 composite?
True
Is 45339036383 prime?
False
Is 46132609 prime?
False
Is 457121321 a composite number?
True
Is 55977032021 a composite number?
False
Is 101983085969 a prime number?
False
Is 414607993 prime?
False
Is 24788111129 composite?
False
Is 640677197 composite?
True
Is 6536164277 a composite number?
False
Is 50282423 a composite number?
False
Is 6849561041 composite?
False
Is 141660899 a prime number?
False
Is 8703652127 a prime number?
True
Is 2257535695 prime?
False
Is 16896657985 a prime number?
False
Is 1663924309 a prime number?
False
Is 372098901 prime?
False
Is 43834823237 prime?
True
Is 5229106199 prime?
True
Is 51524839 prime?
True
Is 149113605611 a prime number?
True
Is 14037082967 a prime number?
False
Is 100374022033 a prime number?
False
Is 289822109 a prime number?
False
Is 2967790873 a composite number?
False
Is 1867031863 a prime number?
True
Is 326193073357 a composite number?
False
Is 3580921303 composite?
False
Is 19228784437 a composite number?
False
Is 6453193609 a prime number?
True
Is 1598331971 a prime number?
False
Is 1732690793 a prime number?
False
Is 69618976729 composite?
False
Is 30678434431 composite?
False
Is 4120101059 a composite number?
False
Is 811010203 composite?
True
Is 21969029787 a composite number?
True
Is 238175059 prime?
False
Is 4417057369 a prime number?
True
Is 28134328433 a prime number?
False
Is 987632341 composite?
True
Is 1313262967 prime?
False
Is 692445863 a composite number?
False
Is 45727531 a prime number?
False
Is 675344353 a composite number?
True
Is 4055830817 a prime number?
False
Is 1162503763 a prime number?
True
Is 4059295321 a prime number?
False
Is 513953317 prime?
True
Is 95884458791 prime?
False
Is 371442787 a prime number?
True
Is 8781889983 a composite number?
True
Is 23509874779 a composite number?
True
Is 23807288047 prime?
False
Is 2086217021 composite?
True
Is 10737874193 prime?
False
Is 4400595403 prime?
True
Is 302273581 a composite number?
True
Is 13561072549 composite?
True
Is 1551220619 a prime number?
False
Is 59656169 composite?
False
Is 1992265321 prime?
False
Is 938887459 a composite number?
False
Is 8597835529 prime?
False
Is 13544269457 composite?
True
Is 40978591453 composite?
False
Is 10247387419 composite?
False
Is 595090909 composite?
True
Is 777934406 prime?
False
Is 2430330257 composite?
False
Is 20444184349 a prime number?
True
Is 114090927253 composite?
False
Is 727404701 a prime number?
False
Is 1099331762 prime?
False
Is 1492298767 a composite number?
False
Is 51828516254 prime?
False
Is 25308627463 a prime number?
False
Is 5381786057 a prime number?
True
Is 10238139581 composite?
True
Is 556496641 composite?
False
Is 6879793951 a composite number?
False
Is 6200943323 composite?
False
Is 1293703319 prime?
True
Is 99190853681 prime?
True
Is 1081224367 a composite number?
False
Is 2195242333 composite?
True
Is 1281289549 composite?
False
Is 65865800309 a composite number?
True
Is 1756748897 composite?
False
Is 11610249389 a composite number?
True
Is 5338470505 composite?
True
Is 36351426799 prime?
True
Is 249515404097 prime?
False
Is 4734994031 a prime number?
True
Is 5400416167 a composite number?
True
Is 48578974463 a composite number?
True
Is 32063142259 a composite number?
True
Is 9881044339 a prime number?
True
Is 4400606027 a prime number?
True
Is 592979069 composite?
False
Is 88256881 a prime number?
False
Is 243202139 composite?
False
Is 1114818527 composite?
False
Is 17964969059 a composite number?
True
Is 1195420907 prime?
True
Is 8340636961 a composite number?
True
Is 9969617893 composite?
True
Is 6514641509 a prime number?
False
Is 144519490018 a composite number?
True
Is 15213718781 a prime number?
True
Is 2346980627 a prime number?
False
Is 7528846679 prime?
False
Is 103146151 prime?
True
Is 102311776309 a composite number?
False
Is 6515001541 prime?
True
Is 1311028883 composite?
False
Is 6600836311 a prime number?
True
Is 11602949 a prime number?
True
Is 5768340439 a prime number?
False
Is 12834819791 prime?
False
Is 1229552323 composite?
True
Is 9347290661 a composite number?
False
Is 43459102579 a prime number?
False
Is 78378883 prime?
False
Is 78838515794 a composite number?
True
Is 36695651191 a composite number?
True
Is 85784830009 a prime number?
True
Is 14902083317 a prime number?
False
Is 3057270757 a prime number?
True
Is 82624882283 composite?
False
Is 15870209881 composite?
False
Is 1100210177 composite?
True
Is 4845741871 a prime number?
True
Is 562685267 prime?
True
Is 34972457921 a composite number?
True
Is 100499806801 prime?
False
Is 483087733 composite?
True
Is 462299902 composite?
True
Is 1166427023 a composite number?
True
Is 159683636089 composite?
True
Is 92844842 composite?
True
Is 18136045943 a prime number?
True
Is 78190183 composite?
True
Is 606726539 composite?
True
Is 57294425521 a composite number?
False
Is 12845597617 composite?
False
Is 674062045 a prime number?
False
Is 6022442303 a prime number?
True
Is 41584688603 comp